 = m. What is the tens digit of ((-111)/(-12))/(m/(-12))?
3
Let n(u) = -61*u + 246. What is the hundreds digit of n(2)?
1
Let b = -14 + 16. Suppose 0 = -b*s + 125 + 47. Let p = -42 + s. What is the units digit of p?
4
Let z = -34 - 22. What is the tens digit of (z/70)/((-4)/50)?
1
Suppose -3*r + 2*d = -583, 135 = r - 4*d - 76. What is the hundreds digit of r?
1
Suppose g = 5*h - 0*g - 782, 5*h - 5*g = 790. Let b = h - -25. What is the hundreds digit of b?
1
Let c = 36 - 35. What is the tens digit of 19 - (0/1)/c?
1
Suppose -2*z + j = -2967, 11*j - 7415 = -5*z + 14*j. What is the units digit of z?
6
Let y(h) = 6*h - 28 - 4*h - 2*h**2 + 71. What is the tens digit of y(0)?
4
Let q = 2391 - 982. What is the hundreds digit of q?
4
Suppose 0 - 12 = -3*k. Suppose -k*o = -5*o - 9. What is the units digit of ((-78)/o)/(4/6)?
3
Suppose -4*a - 2*o = -8*a + 19272, 0 = 2*a + 3*o - 9652. What is the units digit of a?
0
Suppose 48*a - 101422 = 45938. What is the tens digit of a?
7
Let o(g) = -g**2 - 5*g + 8. Suppose -2*p + 8 = -k, -p - 31 = 5*k - 2. Let h be o(k). Suppose h*j - 140 = -2*j. What is the units digit of j?
5
Suppose 0*z = -4*z. Suppose 4*l - 177 = -1. Suppose p - l = -p - k, p + k - 22 = z. What is the tens digit of p?
2
Let w(l) = 24*l + 6*l - 1 + 29*l + 5*l. Let o be w(-1). What is the units digit of -4 - 4/4*o?
1
Let t(y) be the first derivative of -3*y**2/2 + y - 2. Let g be (-1 - -3) + -26 + 20. What is the units digit of t(g)?
3
Let k(o) = o**2 - 4. Let v(m) = 2*m - 2. Let f be v(1). Let g be (-2 - (f - -1))*-1. What is the units digit of k(g)?
5
Let q(i) = -18 - i**3 - 3*i**3 - 14*i**2 + 2*i - 6*i + 3*i**3. Let z be q(-14). Suppose 19 = -j + z. What is the tens digit of j?
1
Let a = 58 - -33. Let z = 344 - a. What is the hundreds digit of z?
2
Let i(r) = -r**2 - 49*r - 91. What is the units digit of i(-25)?
9
Suppose -1895 = -2*l - 445. What is the units digit of l?
5
Let n = 25 + 15. What is the units digit of n/(-15)*(-9)/6?
4
Let x(a) = 6*a - 20. Let b be x(4). Suppose -b*r + 356 = -436. What is the hundreds digit of r?
1
Suppose -3*r + 4*l + 3983 = 0, 0 = -r - 0*l + 5*l + 1313. What is the hundreds digit of r?
3
Suppose -w - 3*p = -647, -3*w = 3*p - 1427 - 538. What is the hundreds digit of w?
6
Let t(o) = o**2 + 4*o + 3. Let a be t(-5). Let z be (a/(-10))/(22/(-55)). Suppose z*g + w = -w + 14, 2*w - 2 = 2*g. What is the units digit of g?
3
Let i = -7 + 8. Suppose 0 = 4*y - 20, y = p + i + 2. Suppose p*m - 29 = 27. What is the units digit of m?
8
Let q(y) = 38*y**2 + 5*y + 2. Let g be q(-4). What is the units digit of g/15 + 2/3?
0
Let s(b) = 3*b**2 - 3*b. Suppose 4*z - 34 = 3*d - 8, -z = 4*d + 3. What is the units digit of s(z)?
0
Let i(t) = t + 17. Let k be i(-7). Suppose 20*h - 920 = k*h. What is the tens digit of h?
9
Let a(g) = -g - 2. Let q be a(-8). What is the units digit of 180/8*4/q?
5
Let o be (-2)/8 - (-184)/(-32). Let l = o - -20. Suppose v = l + 13. What is the tens digit of v?
2
Let y(r) = 4*r - 5. Let k(i) = -i + 1. Let n(f) = -6*k(f) - y(f). Let s be n(1). What is the units digit of 9 + (-2 - (s - 1))?
7
Suppose i = 4, -d + 5*i - 206 + 1101 = 0. What is the tens digit of d?
1
Let g be 1 - ((-1 - -1) + 4). Let v be g + 3 + 4 + 1. Suppose 2*f - 5 - v = 0. What is the units digit of f?
5
Let p(y) = 6*y - 8 + 1 + y**2 + 4 + 4. Suppose 0 = 2*j + 2*j + 32. What is the tens digit of p(j)?
1
Suppose -32796 = -16*y - 11564. What is the units digit of y?
7
Suppose -4*p + 19 = 3*x, 0 = 2*p - 6*x + 10*x - 12. Suppose -4*w + 70 = 2*k, 5*w - 5*k - 67 = -17. Suppose p + w = g. What is the units digit of g?
9
Let i = -168 - -489. What is the units digit of i?
1
What is the thousands digit of -8 - -3659 - 0/8?
3
Let u = 1276 - 767. What is the tens digit of u?
0
Let t(o) = 93*o + 520. What is the hundreds digit of t(14)?
8
Suppose 0 = 5*b - b - 20. What is the units digit of ((-276)/b)/((-45)/150)?
4
Let g(v) be the second derivative of 20*v**3/3 - 8*v**2 - 2*v. What is the tens digit of g(3)?
0
Suppose 0*k + 2*k + 6 = 0. Let q(n) = -19*n - 3. What is the units digit of q(k)?
4
Let k = -3 - -6. Suppose -5 - 1 = -k*i, 5*f + 93 = 4*i. Let z = 11 - f. What is the tens digit of z?
2
Let v = -298 - -580. Suppose 3*g + 60 = v. What is the tens digit of g?
7
Let z(n) = -n**3 + 5*n**2 - 6*n + 5. Let f be z(4). Let g(l) = -6*l + 9. Let y be g(12). Let s = f - y. What is the tens digit of s?
6
Suppose -15*k - 2*d - 5484 = -19*k, d = 0. What is the thousands digit of k?
1
What is the units digit of (-36 + -3)/(0 + 10/(-650))?
5
Let k(l) = 0*l - 10 + 17 + 3*l - 9. What is the units digit of k(6)?
6
Suppose 3*i = 3*n + 11244, -3*i - 5*n = 349 - 11609. What is the hundreds digit of i?
7
Suppose -130 - 50 = -2*c. Let a = c - 27. What is the units digit of a?
3
Let s(x) = -x**3 - x - 1. Let t(p) = -7*p**3 + 10*p**2 - 7*p - 14. Let h(i) = -6*s(i) + t(i). What is the units digit of h(8)?
2
Let n = 21 - 40. What is the units digit of (n/57)/((-2)/156)?
6
What is the tens digit of 98*((-297)/(-6))/9?
3
Let x(f) = -f**2 - f + 16. Let o be (6/4)/(2/4). Suppose 2*i - o*i = 0. What is the units digit of x(i)?
6
Suppose -3*i = -5*q - 4*i + 4651, -3*i = -3. What is the units digit of q?
0
Suppose 0 = -16*x + 12*x - 8, -o + x = -5027. What is the hundreds digit of o?
0
Suppose -4 - 9 = -l. Suppose -4*x + 5*t + 22 = -x, 2*t + l = -3*x. Let o(h) = 14*h**2 + h + 1. What is the tens digit of o(x)?
1
Suppose z - 2*z - 3 = 0. Let h be (4/z)/((-6)/(-63)). Let f = -13 - h. What is the units digit of f?
1
Let x = -114 + 276. What is the hundreds digit of x?
1
Let a(h) = 79*h - 29. What is the hundreds digit of a(6)?
4
Let y = 7 - -7. Suppose t + 2*t = n - 8, 2*n - 4*t = y. Suppose -70 = -3*h + h - n*c, 2*c = h - 17. What is the units digit of h?
5
Suppose 5*k = -4*r + 1360, 2*r - 5*r = k - 261. What is the units digit of k?
6
Suppose 5*k - 1348 = 5*r - 7*r, 0 = -2*k + r + 532. What is the tens digit of k?
6
Let i(t) = -2*t**3 - 12*t**2 - 45*t - 4. What is the units digit of i(-8)?
2
Suppose -4*b - 372 = -16*b. Let w be (-2 - -1)*(1 + -10). Let i = w + b. What is the units digit of i?
0
Let v(o) = -o + 40. Let y be v(-18). What is the tens digit of (y/(-3))/((-12)/18)?
2
Suppose 3*t + 2*o + 3 = 2, 2*o = 5*t - 25. Suppose -s - k + 194 = 0, t*k + 966 = 5*s + 4*k. What is the units digit of s?
3
Suppose -4*y - 13 = 5*k, 6 = -k + 1. Suppose -5*z - 2*t + 506 = 0, 2*t - y*t - 206 = -2*z. What is the units digit of z?
2
Suppose 3*r - 4*t - 3049 = -8*t, -3*r + 2*t = -3025. What is the tens digit of r?
1
Suppose -3*a - 3*r = -a + 54, -4*r + 98 = -3*a. Let s = 66 - 65. What is the units digit of (-396)/a - s/5?
3
Suppose -2*q = -q - 4. Suppose -5*n + q*w = -1194, -956 = -4*n - 6*w + 9*w. What is the hundreds digit of n?
2
Let c(h) = -638*h - 85. What is the hundreds digit of c(-3)?
8
Let m = 10035 - 5627. What is the thousands digit of m?
4
Suppose -430 = -0*f + 5*f. Let y = f - -166. What is the tens digit of y?
8
Suppose -4*s - h + 2515 = 0, s - 655 = 4*h + h. What is the hundreds digit of s?
6
Suppose 4*j = 32 - 8. Let d = j + -2. Suppose -g = g + c - 31, 0 = d*c - 4. What is the units digit of g?
5
Suppose 5*z - 2485 = 2*l, 0*z - l = -2*z + 994. What is the units digit of z?
7
Let j(p) = 2*p**3 - 3*p**3 - 84*p + 10 - 2*p**2 + 90*p - 2*p**2. What is the hundreds digit of j(-8)?
2
Let c(a) be the second derivative of a**5/20 + 7*a**4/12 - 5*a**3/6 - 5*a**2 - 10*a. What is the units digit of c(-7)?
5
Let q = -55 + 59. Suppose 7*o - 12*o = -l - 611, -q*l - 4 = 0. What is the hundreds digit of o?
1
Let k be 3*(5 + -6) - 867. What is the units digit of (-2)/(-4)*k/(-5)?
7
Let g = 446 - 20. What is the units digit of g?
6
Suppose 2*s + 3*m + 36 = 0, 3*s + 0*s = -2*m - 44. Let n be (-8)/s - (-5)/(-3). What is the units digit of 1/((-3 + n)/(-124))?
1
Suppose 0 = 2*l + 2*k - 352, 3*l - 4*k + 68 - 631 = 0. What is the hundreds digit of l?
1
Let q(h) = h**2 - 3*h + 2. Let j be q(4). Suppose j*k - 9*k = -9. Suppose 4*v - 131 = -k*r, -v - 4*r + 1 = -22. What is the units digit of v?
5
What is the tens digit of (-50)/5*(-2874)/12?
9
Let m = 22 - 14. What is the tens digit of ((-1)/3)/(m/(-1056))?
4
What is the units digit of (-107877)/(-84) - 18/8?
2
Let n = 12 - 13. Let o be -2 - (-97